{"id":1108,"date":"2018-02-04T17:29:45","date_gmt":"2018-02-04T16:29:45","guid":{"rendered":"http:\/\/xn--vinogradniko-sadjarsko-drutvo-poljane-coe563aqa.si\/?page_id=1108"},"modified":"2026-02-12T11:09:28","modified_gmt":"2026-02-12T10:09:28","slug":"zapisniki","status":"publish","type":"page","link":"https:\/\/vinogradniki-poljcane.si\/?page_id=1108","title":{"rendered":"ZAPISNIKI"},"content":{"rendered":"<h3><a href=\"https:\/\/vinogradniki-poljcane.si\/wp-content\/uploads\/2026\/02\/ZAPISNIK-OBCNI-ZBOR-2026.pdf\"><span style=\"color: #008000;\"><strong>ZAPISNIK &#8211; OB\u010cNI ZBOR 2026 (pdf)<\/strong><\/span><\/a><\/h3>\n<h3><a href=\"https:\/\/vinogradniki-poljcane.si\/wp-content\/uploads\/2026\/02\/ZAPISNIK-OBCNI-ZBOR-2025.pdf\"><span style=\"color: #008000;\"><strong>ZAPISNIK &#8211; OB\u010cNI ZBOR 2025 (pdf)<\/strong><\/span><\/a><\/h3>\n<h3><span style=\"color: #008000;\"><a style=\"color: #008000;\" href=\"https:\/\/vinogradniki-poljcane.si\/wp-content\/uploads\/2024\/04\/Zapisnik-Obcnega-zbora-2024.pdf\"><strong>ZAPISNIK &#8211; OB\u010cNI ZBOR 2024 (pdf)<\/strong><\/a><\/span><\/h3>\n<h3><span style=\"color: #008000;\"><strong><a style=\"color: #008000;\" href=\"https:\/\/vinogradniki-poljcane.si\/wp-content\/uploads\/2023\/05\/Zapisnik-obcnega-zbora-2023.pdf\" target=\"_blank\" rel=\"noopener\">ZAPISNIK &#8211; OB\u010cNI ZBOR 2023 (pdf)<\/a><\/strong><\/span><\/h3>\n<h3><span style=\"color: #008000;\"><a style=\"color: #008000;\" href=\"https:\/\/vinogradniki-poljcane.si\/wp-content\/uploads\/2020\/02\/ZAPISNIK-OB\u010cNEGA-ZBORA-2020.pdf\"><strong>ZAPISNIK &#8211; OB\u010cNI ZBOR 2020 (pdf)<\/strong><\/a><\/span><\/h3>\n<h3><span style=\"color: #008000;\"><a style=\"color: #008000;\" href=\"https:\/\/vinogradniki-poljcane.si\/wp-content\/uploads\/2020\/01\/ZAPISNIK-OB\u010cNEGA-ZBORA-2019.pdf\"><strong>ZAPISNIK &#8211; OB\u010cNI ZBOR 2019 (pdf)<\/strong><\/a><\/span><\/h3>\n<h3><span style=\"color: #008000;\"><strong><a style=\"color: #008000;\" href=\"https:\/\/vinogradniki-poljcane.si\/wp-content\/uploads\/2018\/03\/Zapisnik-ob\u010dnega-zbora-2018.pdf\">ZAPISNIK &#8211; OB\u010cNI ZBOR 2018 (pdf)<\/a><\/strong><\/span><\/h3>\n<h3><span style=\"color: #008000;\"><strong><a style=\"color: #008000;\" href=\"https:\/\/vinogradniki-poljcane.si\/wp-content\/uploads\/2018\/02\/ZAPISNIK-OB\u010cNI-ZBOR2017.pdf\">ZAPISNIK &#8211; OB\u010cNI ZBOR 2017 (pdf)<\/a><\/strong><\/span><\/h3>\n","protected":false},"excerpt":{"rendered":"<p>ZAPISNIK &#8211; OB\u010cNI ZBOR 2026 (pdf) ZAPISNIK &#8211; OB\u010cNI ZBOR 2025 (pdf) ZAPISNIK &#8211; OB\u010cNI ZBOR 2024 (pdf) ZAPISNIK &#8211; OB\u010cNI ZBOR 2023 (pdf) ZAPISNIK &#8211; OB\u010cNI ZBOR 2020 (pdf) ZAPISNIK &#8211; OB\u010cNI ZBOR 2019 (pdf) ZAPISNIK &#8211; OB\u010cNI ZBOR &hellip; <a href=\"https:\/\/vinogradniki-poljcane.si\/?page_id=1108\">Beri naprej <span class=\"meta-nav\">&rarr;<\/span><\/a><\/p>\n","protected":false},"author":2,"featured_media":0,"parent":0,"menu_order":0,"comment_status":"closed","ping_status":"closed","template":"","meta":{"footnotes":""},"class_list":["post-1108","page","type-page","status-publish","hentry"],"_links":{"self":[{"href":"https:\/\/vinogradniki-poljcane.si\/index.php?rest_route=\/wp\/v2\/pages\/1108","targetHints":{"allow":["GET"]}}],"collection":[{"href":"https:\/\/vinogradniki-poljcane.si\/index.php?rest_route=\/wp\/v2\/pages"}],"about":[{"href":"https:\/\/vinogradniki-poljcane.si\/index.php?rest_route=\/wp\/v2\/types\/page"}],"author":[{"embeddable":true,"href":"https:\/\/vinogradniki-poljcane.si\/index.php?rest_route=\/wp\/v2\/users\/2"}],"replies":[{"embeddable":true,"href":"https:\/\/vinogradniki-poljcane.si\/index.php?rest_route=%2Fwp%2Fv2%2Fcomments&post=1108"}],"version-history":[{"count":17,"href":"https:\/\/vinogradniki-poljcane.si\/index.php?rest_route=\/wp\/v2\/pages\/1108\/revisions"}],"predecessor-version":[{"id":3647,"href":"https:\/\/vinogradniki-poljcane.si\/index.php?rest_route=\/wp\/v2\/pages\/1108\/revisions\/3647"}],"wp:attachment":[{"href":"https:\/\/vinogradniki-poljcane.si\/index.php?rest_route=%2Fwp%2Fv2%2Fmedia&parent=1108"}],"curies":[{"name":"wp","href":"https:\/\/api.w.org\/{rel}","templated":true}]}}